{"id":2,"date":"2016-11-02T08:57:46","date_gmt":"2016-11-02T08:57:46","guid":{"rendered":"http:\/\/www.sorhea.cz\/?page_id=2"},"modified":"2023-08-25T10:31:56","modified_gmt":"2023-08-25T10:31:56","slug":"sample-page","status":"publish","type":"page","link":"https:\/\/www.sorhea.cz\/","title":{"rendered":"Sample Page"},"content":{"rendered":"<p>[vc_row][vc_column column_width_percent=&#8221;100&#8243; overlay_alpha=&#8221;50&#8243; gutter_size=&#8221;3&#8243; medium_width=&#8221;0&#8243; shift_x=&#8221;0&#8243; shift_y=&#8221;0&#8243; z_index=&#8221;0&#8243; css_animation=&#8221;top-t-bottom&#8221;][vc_column_text css_animation=&#8221;bottom-t-top&#8221;]<span id=\"result_box\" class=\"\" lang=\"cs\" tabindex=\"-1\">Zabezpe\u010dovac\u00ed syst\u00e9my <span class=\"\">francouzsk\u00e9ho<\/span> v\u00fdrobce SORHEA (1987), jsou ur\u010deny na <span class=\"\">pl\u00e1\u0161\u0165ovou nebo<\/span> obvodovou ochranu objekt\u016f. <span class=\"\">Vyu\u017e\u00edvaj\u00ed<\/span> detekci vibrac\u00ed vznikaj\u00edc\u00edch p\u0159i <span class=\"\">p\u0159el\u00e9z\u00e1n\u00ed<\/span>, <span class=\"\">prost\u0159ih\u00e1v\u00e1n\u00ed<\/span> nebo jin\u00e9ho mechanick\u00e9m <span class=\"\">naru\u0161en\u00ed<\/span> <span class=\"\">plotu<\/span>, <span class=\"\">obvodov\u00e9ho<\/span> pl\u00e1\u0161t\u011b. <span class=\"\">Syst\u00e9my<\/span> <span class=\"\">umo\u017e\u0148uj\u00ed<\/span> <span class=\"\">p\u0159esnou<\/span> <span class=\"\">identifikaci<\/span> vznikl\u00e9ho poplachu s <span class=\"\">propojen\u00ed<\/span> na CCTV <span class=\"\">kamerov\u00fd<\/span> <span class=\"\">syst\u00e9m<\/span> nebo zabezpe\u010dovac\u00ed \u00fast\u0159ednu EZS<span class=\"\">.<\/span> V\u00fdhodou <span class=\"\">syst\u00e9m\u016f<\/span> <span class=\"\">PERIMETRICK\u00c9<\/span> ochrany je v\u010dasn\u00e9 varov\u00e1n\u00ed p\u0159ed naru\u0161en\u00edm <span class=\"\">chr\u00e1n\u011bn\u00e9ho<\/span> <span class=\"\">prostoru<\/span> <span class=\"\">neopr\u00e1vn\u011bnou<\/span> osobou d\u0159\u00edve ne\u017e m\u016f\u017ee doj\u00edt k po\u0161kozen\u00ed st\u0159e\u017een\u00e9ho <span class=\"\">majetku<\/span><span class=\"\">.<\/span><\/span><\/p>\n<p>D\u00edky trvale vysoce inovativn\u00edmu p\u0159\u00edstupu nab\u00edz\u00ed produkty p\u0159in\u00e1\u0161ej\u00edc\u00ed jejich u\u017eivatel\u016fm maxim\u00e1ln\u00ed u\u017eitnou hodnotu. Sv\u00e9 uplatn\u011bn\u00ed nach\u00e1z\u00ed v\u00a0\u0161irok\u00e9m spektru aplikac\u00ed nejen v\u00a0civiln\u00edm sektoru.[\/vc_column_text][\/vc_column][\/vc_row][vc_row row_height_percent=&#8221;0&#8243; overlay_alpha=&#8221;50&#8243; gutter_size=&#8221;3&#8243; shift_y=&#8221;0&#8243; row_name=&#8221;produkty&#8221;][vc_column width=&#8221;1\/3&#8243;][vc_custom_heading css_animation=&#8221;left-t-right&#8221;]<\/p>\n<h2 class=\"h2\">G-WALL<\/h2>\n<p>[\/vc_custom_heading][vc_column_text css_animation=&#8221;left-t-right&#8221; animation_delay=&#8221;100&#8243;]<\/p>\n<blockquote><p><span id=\"result_box\" class=\"short_text\" lang=\"cs\" tabindex=\"-1\">Z\u00f3nov\u00e1 st\u011bnov\u00e1 perimetrick\u00e1 <span class=\"\">ochrana<\/span><\/span><\/p><\/blockquote>\n<p>Syst\u00e9m perimetrick\u00e9 pl\u00e1\u0161\u0165ov\u00e9 ochrany francouzsk\u00e9ho v\u00fdrobce Sorhea je navr\u017een pro sledov\u00e1n\u00ed p\u0159\u00edpadn\u00e9ho naru\u0161en\u00ed vn\u011bj\u0161\u00edch st\u011bn st\u0159e\u017een\u00fdch objekt\u016f, kter\u00e9 mohou b\u00fdt z\u00a0cel\u00e9 \u0161k\u00e1ly materi\u00e1l\u016f v\u010detn\u011b plechu, cihel, d\u0159eva nebo panelu. D\u00edky konstrukci detek\u010dn\u00edho kabelu osazen\u00e9ho akcelerometrick\u00fdmi sn\u00edma\u010di je mo\u017en\u00e9 identifikovat a lokalizovat v\u00fdskyt ne\u017e\u00e1douc\u00edch stav\u016f jak\u00fdmi mohou b\u00fdt nap\u0159\u00edklad vrt\u00e1n\u00ed, bour\u00e1n\u00ed, ot\u0159esy a jin\u00e9 mechanick\u00e9 deformace. Prostorovou konfiguraci syst\u00e9mu je mo\u017en\u00e9 prov\u00e9st podle konkr\u00e9tn\u00edch po\u017eadavk\u016f a dispozic. Nastaven\u00ed prob\u00edh\u00e1 prost\u0159ednictv\u00edm webov\u00e9ho rozhran\u00ed nebo speci\u00e1ln\u00edho softwaru.<\/p>\n<p>Kontrol\u00e9r pro z\u00f3novou perimetrickou st\u011bnovou ochranu. Kontrol\u00e9r umo\u017e\u0148uje zapojen\u00ed dvou v\u011btv\u00ed detek\u010dn\u00edho kabelu <a href=\"http:\/\/www.tssgroup.cz\/sorhea-senscab-gwall-set-detekcniho-kabelu-pro-zonovy-stenovy-system\/\">SENSCAB GWALL<\/a>. Pomoc\u00ed \u010dlenu <a href=\"http:\/\/www.tssgroup.cz\/sorhea-gwall-ur-ut-propojovaci-ukoncovaci-clen-detekcnich-kabelu\/\">GWALL UR\/UT<\/a> je mo\u017en\u00e9 jednu v\u011btev zapojit a\u017e 3x za sebou. Komunikace prob\u00edh\u00e1 p\u0159es RS485 a TCP\/IP. Nastaven\u00ed je mo\u017en\u00e9 prov\u00e1d\u011bt ve webov\u00e9m prohl\u00ed\u017ee\u010di nebo p\u0159es software.[\/vc_column_text][vc_single_image media=&#8221;26&#8243; media_width_percent=&#8221;100&#8243; css_animation=&#8221;alpha-anim&#8221;][vc_button border_animation=&#8221;btn-ripple-out&#8221; icon_position=&#8221;right&#8221; css_animation=&#8221;top-t-bottom&#8221; link=&#8221;url:http%3A%2F%2Fwww.tssgroup.cz%2Fprodukty%2Fzabezpeceni-objektu%2Fperimetricka-ochrana%2Fplastova-ochrana%2F||&#8221; icon=&#8221;fa fa-media-play-outline&#8221;]V\u00cdCE[\/vc_button][\/vc_column][vc_column width=&#8221;1\/3&#8243;][vc_custom_heading css_animation=&#8221;left-t-right&#8221; animation_delay=&#8221;200&#8243;]<\/p>\n<h2 class=\"h2\">G-FENCE 600Z<\/h2>\n<p>[\/vc_custom_heading][vc_column_text css_animation=&#8221;left-t-right&#8221; animation_delay=&#8221;300&#8243;]<\/p>\n<blockquote><p>Z\u00f3nov\u00e1 plotov\u00e1 perimetrick\u00e1 ochrana<\/p><\/blockquote>\n<p>Syst\u00e9m perimetrick\u00e9 plotov\u00e9 z\u00f3nov\u00e9 ochrany francouzsk\u00e9ho v\u00fdrobce Sorhea je navr\u017een pro sledov\u00e1n\u00ed p\u0159\u00edpadn\u00e9ho naru\u0161en\u00ed vn\u011bj\u0161\u00edho oplocen\u00ed st\u0159e\u017een\u00e9ho objektu. D\u00edky konstrukci detek\u010dn\u00edho kabelu osazen\u00e9ho akcelerometrick\u00fdmi sn\u00edma\u010di je mo\u017en\u00e9 identifikovat a lokalizovat v\u00fdskyt ne\u017e\u00e1douc\u00edch stav\u016f jak\u00fdmi mohou b\u00fdt nap\u0159\u00edklad pokusy o p\u0159elezen\u00ed, p\u0159est\u0159i\u017een\u00ed, v\u00fdskyt ot\u0159es\u016f a jin\u00e9 manipulace s\u00a0oplocen\u00edm. Prostorovou konfiguraci syst\u00e9mu je mo\u017en\u00e9 prov\u00e9st podle konkr\u00e9tn\u00edch po\u017eadavk\u016f a\u00a0dispozic. Nastaven\u00ed prob\u00edh\u00e1 prost\u0159ednictv\u00edm webov\u00e9ho rozhran\u00ed nebo speci\u00e1ln\u00edho softwaru.<\/p>\n<p>Kontrol\u00e9r pro z\u00f3novou perimetrickou ochranu. Kontrol\u00e9r umo\u017e\u0148uje zapojen\u00ed dvou v\u011btv\u00ed detek\u010dn\u00edho kabelu\u00a0<a href=\"https:\/\/www.tssgroup.cz\/sorhea-senscab-600z-set-detekcniho-kabela-pro-plotovy-perimetricky-system\/\">SENSCAB 600Z<\/a>. Pomoc\u00ed \u010dlenu\u00a0<a href=\"https:\/\/www.tssgroup.cz\/sorhea-ur-ut-propojovaci-ukoncovaci-clen-detekcnich-kabelu\/\">UR\/UT<\/a> je mo\u017en\u00e9 jednu v\u011btev zapojit a\u017e 3x za sebou a dos\u00e1hnout tak z\u00f3nov\u00e9 ochrany 600m s jedn\u00edm kontrol\u00e9rem. K dispozici je 10 rel\u00e9 v\u00fdstup\u016f pro alarmov\u00e9 z\u00f3ny. Komunikace prob\u00edh\u00e1 p\u0159es RS485 a TCP\/IP. Nastaven\u00ed je mo\u017en\u00e9 prov\u00e1d\u011bt ve webov\u00e9m prohl\u00ed\u017ee\u010di nebo p\u0159es software. Samoz\u0159ejmost\u00ed je venkovn\u00ed proveden\u00ed.[\/vc_column_text][vc_single_image media=&#8221;25&#8243; media_width_percent=&#8221;100&#8243; css_animation=&#8221;alpha-anim&#8221; animation_delay=&#8221;200&#8243;][vc_button border_animation=&#8221;btn-ripple-out&#8221; icon_position=&#8221;right&#8221; css_animation=&#8221;top-t-bottom&#8221; animation_delay=&#8221;200&#8243; link=&#8221;url:http%3A%2F%2Fwww.tssgroup.cz%2Fprodukty%2Fzabezpeceni-objektu%2Fperimetricka-ochrana%2Fplotova-ochrana-zonova%2F||&#8221; icon=&#8221;fa fa-media-play-outline&#8221;]V\u00cdCE[\/vc_button][\/vc_column][vc_column width=&#8221;1\/3&#8243;][vc_custom_heading css_animation=&#8221;left-t-right&#8221; animation_delay=&#8221;400&#8243;]<\/p>\n<h2 class=\"h2\">G-FENCE 3000<\/h2>\n<p>[\/vc_custom_heading][vc_column_text css_animation=&#8221;left-t-right&#8221; animation_delay=&#8221;500&#8243;]<\/p>\n<blockquote><p><span id=\"result_box\" class=\"short_text\" lang=\"cs\" tabindex=\"-1\">Adresn\u00ed plotov\u00e1 perimetrick\u00e1 <span class=\"\">ochrana<\/span><\/span><\/p><\/blockquote>\n<p>Syst\u00e9m perimetrick\u00e9 plotov\u00e9 adresn\u00e9 ochrany francouzsk\u00e9ho v\u00fdrobce Sorhea je navr\u017een pro sledov\u00e1n\u00ed p\u0159\u00edpadn\u00e9ho naru\u0161en\u00ed vn\u011bj\u0161\u00edho oplocen\u00ed st\u0159e\u017een\u00e9ho objektu. D\u00edky konstrukci detek\u010dn\u00edho kabelu osazen\u00e9ho akcelerometrick\u00fdmi sn\u00edma\u010di je mo\u017en\u00e9 identifikovat a p\u0159edev\u0161\u00edm s\u00a0vysokou m\u00edrou p\u0159esnosti lokalizovat v\u00fdskyt ne\u017e\u00e1douc\u00edch stav\u016f jak\u00fdmi mohou b\u00fdt nap\u0159\u00edklad pokusy o p\u0159elezen\u00ed, p\u0159est\u0159i\u017een\u00ed, v\u00fdskyt ot\u0159es\u016f a jin\u00e9 manipulace s oplocen\u00edm. Prostorovou konfiguraci syst\u00e9mu je mo\u017en\u00e9 prov\u00e9st podle konkr\u00e9tn\u00edch po\u017eadavk\u016f a dispozic. Nastaven\u00ed prob\u00edh\u00e1 prost\u0159ednictv\u00edm webov\u00e9ho rozhran\u00ed nebo speci\u00e1ln\u00edho softwaru. Ke zv\u00fd\u0161en\u00ed celkov\u00e9 robustnosti a flexibility syst\u00e9mu p\u0159isp\u00edv\u00e1 nap\u0159\u00edklad tak\u00e9 osazen\u00ed jednotek kontrol\u00e9r\u016f sol\u00e1rn\u00edm nap\u00e1jen\u00edm.<\/p>\n<p>Adresn\u00fd kontrol\u00e9r pro perimetrick\u00fd plotov\u00fd syst\u00e9m. Pomoc\u00ed detek\u010dn\u00edho kabelu\u00a0<a href=\"https:\/\/www.tssgroup.cz\/sorhea-senscab-3000-set-detekcniho-kabelu-pro-plotovy-adresny-system\/\">SENSCAB 3000<\/a> lze detekovat p\u0159el\u00e9z\u00e1n\u00ed, prost\u0159ih\u00e1v\u00e1n\u00ed, ot\u0159es\u016f a jin\u00e9 mechanick\u00e9 manipulace. Kontrol\u00e9r m\u00e1 dva vstupy pro detek\u010dn\u00ed kabel. Komunikace s \u0159\u00edd\u00edc\u00ed jednotkou <a href=\"https:\/\/www.tssgroup.cz\/sorhea-maxibus-013-ridici-jednotka-plotoveho-adresneho-systemu\/\">MAXIBUS<\/a> prob\u00edh\u00e1 po sb\u011brnici RS485. Extern\u00ed nap\u00e1jen\u00ed kombinovan\u00e9 se sol\u00e1rn\u00edmi panely napojen\u00fdmi na\u00a0baterii\u00a0napom\u00e1haj\u00ed bezprobl\u00e9mov\u00e9mu a energeticky nen\u00e1ro\u010dn\u00e9mu chodu. V\u00fdhodou jsou dva NC rel\u00e9 vstupy pro p\u0159ipojen\u00ed extern\u00edch detektor\u016f nap\u0159. PIR.[\/vc_column_text][vc_single_image media=&#8221;24&#8243; media_width_percent=&#8221;100&#8243; css_animation=&#8221;alpha-anim&#8221; animation_delay=&#8221;400&#8243;][vc_button border_animation=&#8221;btn-ripple-out&#8221; icon_position=&#8221;right&#8221; css_animation=&#8221;top-t-bottom&#8221; animation_delay=&#8221;400&#8243; link=&#8221;url:http%3A%2F%2Fwww.tssgroup.cz%2Fprodukty%2Fzabezpeceni-objektu%2Fperimetricka-ochrana%2Fplotova-ochrana-zonova%2F||&#8221; icon=&#8221;fa fa-media-play-outline&#8221;]V\u00cdCE[\/vc_button][\/vc_column][\/vc_row][vc_row][vc_column column_width_percent=&#8221;100&#8243; align_horizontal=&#8221;align_center&#8221; overlay_alpha=&#8221;50&#8243; gutter_size=&#8221;3&#8243; medium_width=&#8221;0&#8243; shift_x=&#8221;0&#8243; shift_y=&#8221;0&#8243; z_index=&#8221;0&#8243; width=&#8221;1\/1&#8243;][vc_button css_animation=&#8221;bottom-t-top&#8221; animation_delay=&#8221;100&#8243; link=&#8221;url:http%3A%2F%2Fwww.sorhea.cz%2Fwp-content%2Fuploads%2F2018%2F08%2Fletak_sorhea1-cz-low.pdf||&#8221;]St\u00e1hn\u011bte si let\u00e1k \u25bc[\/vc_button][\/vc_column][\/vc_row][vc_row row_height_percent=&#8221;0&#8243; overlay_alpha=&#8221;50&#8243; gutter_size=&#8221;3&#8243; shift_y=&#8221;0&#8243; row_name=&#8221;kontakt&#8221;][vc_column width=&#8221;1\/1&#8243;][vc_custom_heading]Kontakt[\/vc_custom_heading][\/vc_column][\/vc_row][vc_row][vc_column width=&#8221;1\/4&#8243;][vc_column_text css_animation=&#8221;left-t-right&#8221;]<\/p>\n<h3>TSS Group s.r.o., Zl\u00edn<\/h3>\n<p><strong>Adresa:<\/strong><br \/>\nT\u0159. Tom\u00e1\u0161e Bati 145<br \/>\n763 02 Zl\u00edn &#8211; Louky<\/p>\n<p><strong>Kontakt:<\/strong><br \/>\nTel.: +420 514 514 245<br \/>\ne-mail: <a href=\"mailto:tssgroup@tssgroup.cz\">tssgroup@tssgroup.cz<\/a>[\/vc_column_text][\/vc_column][vc_column width=&#8221;1\/4&#8243;][vc_column_text css_animation=&#8221;left-t-right&#8221; animation_delay=&#8221;200&#8243;]<\/p>\n<h3>TSS Group s.r.o., Praha<\/h3>\n<p><strong>Adresa:<\/strong><br \/>\nVinohradsk\u00e1 1506\/220<br \/>\n100 00 Praha-Stra\u0161nice<\/p>\n<p><strong>Kontakt:<\/strong><br \/>\nTel.: +420 514 514 255<br \/>\ne-mail: <a href=\"mailto:praha@tssgroup.cz\">praha@tssgroup.cz<\/a>[\/vc_column_text][\/vc_column][vc_column width=&#8221;1\/4&#8243;][vc_column_text css_animation=&#8221;left-t-right&#8221; animation_delay=&#8221;400&#8243;]<\/p>\n<h3>TSS Group s.r.o., Brno<\/h3>\n<p><strong>Adresa:<\/strong><br \/>\nV\u00edde\u0148sk\u00e1 204\/125<br \/>\n619 00 Brno<\/p>\n<p><strong>Kontakt:<\/strong><br \/>\nTel.:\u00a0+420 514 514 265<br \/>\ne-mail: <a href=\"mailto:brno@tssgroup.cz\">brno@tssgroup.cz<\/a>[\/vc_column_text][\/vc_column][vc_column width=&#8221;1\/4&#8243;][vc_column_text css_animation=&#8221;left-t-right&#8221; animation_speed=&#8221;600&#8243;]<\/p>\n<h3>TSS Group s.r.o., Ostrava<\/h3>\n<p><strong>Adresa:<\/strong><br \/>\nDaliborova 416\/5<br \/>\n709 00 Ostrava<\/p>\n<p><strong>Kontakt:<\/strong><br \/>\nTel.:\u00a0+420 514 514 275<br \/>\ne-mail: <a href=\"mailto:ostrava@tssgroup.cz\">ostrava@tssgroup.cz<\/a>[\/vc_column_text][\/vc_column][\/vc_row][vc_row][vc_column width=&#8221;1\/1&#8243;][vc_empty_space empty_h=&#8221;2&#8243;][\/vc_column][\/vc_row]<\/p>\n","protected":false},"excerpt":{"rendered":"<p>[vc_row][vc_column column_width_percent=&#8221;100&#8243; overlay_alpha=&#8221;50&#8243; gutter_size=&#8221;3&#8243; medium_width=&#8221;0&#8243; shift_x=&#8221;0&#8243; shift_y=&#8221;0&#8243; z_index=&#8221;0&#8243; css_animation=&#8221;top-t-bottom&#8221;][vc_column_text css_animation=&#8221;bottom-t-top&#8221;]Zabezpe\u010dovac\u00ed syst\u00e9my francouzsk\u00e9ho v\u00fdrobce SORHEA (1987), jsou ur\u010deny na pl\u00e1\u0161\u0165ovou nebo [&hellip;]<\/p>\n","protected":false},"author":1,"featured_media":0,"parent":0,"menu_order":0,"comment_status":"closed","ping_status":"open","template":"","meta":{"footnotes":""},"_links":{"self":[{"href":"https:\/\/www.sorhea.cz\/index.php?rest_route=\/wp\/v2\/pages\/2"}],"collection":[{"href":"https:\/\/www.sorhea.cz\/index.php?rest_route=\/wp\/v2\/pages"}],"about":[{"href":"https:\/\/www.sorhea.cz\/index.php?rest_route=\/wp\/v2\/types\/page"}],"author":[{"embeddable":true,"href":"https:\/\/www.sorhea.cz\/index.php?rest_route=\/wp\/v2\/users\/1"}],"replies":[{"embeddable":true,"href":"https:\/\/www.sorhea.cz\/index.php?rest_route=%2Fwp%2Fv2%2Fcomments&post=2"}],"version-history":[{"count":14,"href":"https:\/\/www.sorhea.cz\/index.php?rest_route=\/wp\/v2\/pages\/2\/revisions"}],"predecessor-version":[{"id":38,"href":"https:\/\/www.sorhea.cz\/index.php?rest_route=\/wp\/v2\/pages\/2\/revisions\/38"}],"wp:attachment":[{"href":"https:\/\/www.sorhea.cz\/index.php?rest_route=%2Fwp%2Fv2%2Fmedia&parent=2"}],"curies":[{"name":"wp","href":"https:\/\/api.w.org\/{rel}","templated":true}]}}